(h).
7
Let v(n) be the third derivative of -n**4/12 - n**3/3 + n**2. Let t be (-10)/(-8) + 3/4. Suppose -3*b - 3 = -t*b. Calculate v(b).
4
Suppose -6*s - 3 = -27. Suppose -4*m - 18 = m + s*x, -3*m + x - 4 = 0. Let t(v) = 2*v + 2. What is t(m)?
-2
Let w(y) be the third derivative of -7*y**6/120 - y**5/60 - y**4/24 + y**3/6 + 14*y**2 + 10*y. Determine w(2).
-61
Let u(s) = 11*s + 7. Let c(o) = 9*o + 7. Let r(f) = 6*c(f) - 5*u(f). Let q be 4*(-1 - 16/4). Let z be (1 + -4)/(12/q). What is r(z)?
2
Let h(a) = -a**3 - a**2 + 5. Suppose -f - 4 = 2*d, -2*f - 3*d + 224 = 230. What is h(f)?
5
Let m(w) be the third derivative of -w**7/840 - w**6/60 - w**4/8 - 20*w**3/3 + 33*w**2. Let u(o) be the first derivative of m(o). Calculate u(-6).
-3
Let q be 4 - 4/(-2 - -3). Suppose -i - p + 7 = q, -3*p = 4*i - 0*i - 25. Let g(j) = 2*j**2 - 6*j + 1. What is g(i)?
9
Suppose 0 = -10*x + 7*x + 27. Suppose 0*w = -4*w + 3*p + 21, -2*w + p = -x. Let u(k) = k**2 - w*k - 6*k + 3*k - 3. Calculate u(7).
4
Let a(r) be the first derivative of r**3/3 - r**2/2 - 4*r + 361. Suppose 2*s = -s. Let o = -3 + s. Determine a(o).
8
Let b(n) = -2*n**2 + 6*n - 3. Let w(p) = p**3 + 10*p**2 - p - 8. Let g be w(-10). Let t be -36*(-3 + 5)/g. Let z be -6*(-8)/t*-3. Calculate b(z).
-11
Let i be (32/12)/(4/(-12)). Let r(m) = 2 + 1 + 0*m - 7*m + 8*m. Calculate r(i).
-5
Let h(v) = -v**2 + 7*v - 10 - 13 + 16. Determine h(5).
3
Let v(a) be the first derivative of -a**4/12 - 7*a**3/6 - 5*a**2 + 37*a + 42. Let d(y) be the first derivative of v(y). Calculate d(-7).
-10
Suppose 13 = -4*t + 4*s + 5, -s = 3*t - 10. Suppose 5*q + 8 = 23. Let d(u) = -4*u**3 + 2*u**3 + 5*u**t + 4 + u**q. Give d(5).
4
Let o be -8 - ((-24)/(-9))/(4/(-6)). Let t(u) = 5*u**3 + 6*u**2 + 5*u - 2. Let d(b) = -9*b**3 - 12*b**2 - 10*b + 4. Let m(i) = o*d(i) - 7*t(i). What is m(-5)?
-2
Let n(f) = -11*f**2 + f**3 + 9 - 7*f**2 - 4*f**2 - 2 + 16*f**2. Suppose 2 = -k, -4*k + 16 = 6*s - 2*s. Give n(s).
7
Let k be 63/6 - 5 - 4. Let c(t) be the second derivative of 0 - 7*t - k*t**2 + 1/3*t**3. Calculate c(-3).
-9
Let i = -37 + 39. Suppose 3*b = i*b. Let y(h) = -h**2 - h + 5. What is y(b)?
5
Let g(m) = m**3 - 10*m**2 - 11*m + 10. Let l be 2/((-60)/(-339)) + (-6)/20. What is g(l)?
10
Let h = 700 - 698. Let q(k) be the second derivative of 1/2*k**3 + k - 1/2*k**h + 0. Determine q(-5).
-16
Let d(u) = u**2 + 3*u - 5. Suppose -4*o + 5*a - 17 = 0, -3 = -5*o - 4*a - 55. Let v be (0/2 + -4)/(o/(-12)). Determine d(v).
13
Let x(g) = -g**3 + 4*g - 1. Let i(s) = s**3 - s**2 - 2*s - 1. Let y be i(3). Suppose -3*u = y*u + 42. Calculate x(u).
14
Let n(t) = -t**3 + 8*t**2 + 11*t - 15. Let r be n(9). Suppose 19 = 4*y + r. Let w(f) = y + f - 4 + 1. Determine w(-4).
-3
Let j be -6 - 0/(22/(-11)). Let m(t) = t**3 + 8*t**2 + 8*t - 6. Give m(j).
18
Let w be (84/8*-1 + -3)*2. Let a(c) = -c - 20. Let v be a(w). Let n(s) = -s**2 + 9*s + 1. Give n(v).
15
Let a = -21 + 15. Let q(z) = -99*z + 0 + 2 + 100*z. Calculate q(a).
-4
Let j(n) = 9*n**2 - 13*n**3 + 10*n - 14*n**3 - 3 + 0*n - 2*n**2 + 26*n**3. Calculate j(8).
13
Let d = 11/13 - 251/312. Let g(u) be the third derivative of 0*u - d*u**4 + 0 - 7/6*u**3 + 2*u**2. Calculate g(-5).
-2
Suppose -19*v + 141 + 87 = 0. Let a(g) = -g**2 + 12*g + 16. Give a(v).
16
Let d = 11 - 10. Suppose 3*t = t + 2. Let n(p) = -3*p**2 - 5*p**2 + t - 3*p**2. Give n(d).
-10
Let s(t) be the third derivative of -t**5/60 + 7*t**4/24 - 3*t**3/2 + 9*t**2 - t. Give s(6).
-3
Let d be -201*3/(-99) + 1/(-11). Let r(f) = -f**3 + 9*f**2 - 6*f + 8. Let a(i) = i**2 + 1. Let m(j) = 2*a(j) - r(j). What is m(d)?
-6
Suppose -4*g + 19*g - 120 = 0. Let l(a) = a**2 - 8*a - 1. Give l(g).
-1
Let d(b) = b**2 - b - 1. Let o(y) = -5*y**2 + 4*y + 6. Let z(w) = 4*d(w) + o(w). Suppose -14*r + 13*r + 2 = 0. Determine z(r).
-2
Let i(v) = -6*v - 6. Let l be 11/(33/72) - 3. Let f be -8 + (l/(-14))/((-3)/8). Calculate i(f).
18
Let i(t) = t**2 + 4*t - 8. Let s be i(-6). Let n(y) = y**3 - y + s*y - 1 - 4*y. What is n(0)?
-1
Suppose 50 = -4*a + 34. Let h(t) = t**2 + 6*t - 8. Determine h(a).
-16
Let h(i) = -i - 10. Suppose -8 = -7*p - 50. Give h(p).
-4
Let f(s) be the second derivative of -6*s**2 + 3*s - 1/6*s**3 + 0. Suppose -2*q - 66 = -54. Give f(q).
-6
Let o(m) = -m**2 - 6*m - 6. Let r be o(-5). Let j be (15/r)/(-3) - -1. Let c(y) = j - 7 - y - 6. Determine c(-3).
-4
Let a(z) = -27*z + 15. Let g(q) = q - 3. Let m be g(16). Let w(u) = 13*u - 7. Let b(o) = m*w(o) + 6*a(o). What is b(1)?
6
Let q(t) = t - 1. Let r = 225 + -220. Give q(r).
4
Suppose -5*b + 5*d - 25 = 0, -5*d + 4*d + 11 = -2*b. Let p(t) = 2*t**2 + 11*t. Determine p(b).
6
Let s(o) be the third derivative of o**6/120 + o**5/12 - o**4/6 + 28*o**2 + 5*o. Give s(-3).
30
Suppose -72 = 7*c - 25*c. Let j(s) = 2*s**2 - 4*s - 4. Calculate j(c).
12
Let w(p) be the second derivative of -p**5/20 - 5*p**4/12 + p**3/3 - 7*p**2/2 - 118*p - 1. What is w(-4)?
-31
Let w(x) be the second derivative of x**3/6 + x**2/2 + 18*x. Let a(s) = 51 - 22 + 5*s - 27. Let o(m) = -a(m) + 6*w(m). Determine o(3).
7
Let x(y) = -y**3 + 2*y**2 - 1. Let o(h) = -6*h**3 + 7*h**2 - 2*h - 6. Let n(d) = o(d) - 5*x(d). Determine n(-1).
-1
Suppose 6*k = -2*k + 16. Let b(r) = -2*r**2 - 3*r + 2. Determine b(k).
-12
Suppose -12 - 18 = 15*y. Let h(q) = -5*q**2 + 2*q + 4. Give h(y).
-20
Let q(n) = n. Let d(t) = -2*t - 1. Let z(j) = 2*d(j) + 2*q(j). Give z(4).
-10
Let w(v) = -v**3 - 9*v**2 - 6*v - 9. Let s(g) = 4*g**3 + 37*g**2 + 24*g + 35. Let x(i) = 2*s(i) + 9*w(i). Determine x(-6).
-11
Let j(c) = -4*c**2 - 3*c + 2. Let k = 2259 + -2256. What is j(k)?
-43
Let y(i) = -i**2 + 5*i - 15. Let h(q) = q**2 - 6*q + 16. Suppose 4*l - f - 15 - 1 = 0, 2*l = -3*f + 22. Let r(x) = l*y(x) + 4*h(x). Give r(0).
-11
Suppose -4*f + 13 = 3*u, 14 = 3*u + 5*f - 0. Let v(w) = w**2 - w + 7. What is v(u)?
13
Let i(x) = 12*x - 1. Suppose -3*u + 6*u = -2*r - 9, -3*u + 2*r = -3. What is i(u)?
-13
Let n(v) be the second derivative of -1/20*v**5 - 13*v + 2/3*v**3 - 3*v**2 + 0 + 1/4*v**4. What is n(4)?
-6
Let k(n) = -n**3 - 6*n**2 - 5*n + 10. Let o(j) = 88*j - 5. Let i be o(0). Give k(i).
10
Let p(z) = 3*z - 12. Suppose -5*f + 45 = -5*j + 9*j, 3*f - j = 10. Give p(f).
3
Let t(m) be the third derivative of m**6/30 + m**4/8 + m**3/2 - 83*m**2. Calculate t(-1).
-4
Suppose -21*f + 320 = -16*f. Let b = -68 + f. Let x(z) = -z**3 - 3*z**2 + 3*z + 4. What is x(b)?
8
Let x(d) = -d**3 + 3*d**2 - 2*d. Let m be 40/(-16)*(-4 - 0) + -2. Suppose m*o - 21 = o. Give x(o).
-6
Let q(g) = 20*g - 9*g - 8*g - 5 + 19. Calculate q(-7).
-7
Let m(i) = 2*i**2 + 3*i - 1. Let r = 8 + -27. Let n = r + 23. Suppose 3*j + n = -5. What is m(j)?
8
Let w(h) be the third derivative of 4/3*h**3 - 1/24*h**4 + 6*h**2 - 1/120*h**5 + 0*h + 0. Let r(q) be the first derivative of w(q). Determine r(3).
-4
Let v(a) = 2*a**2 + 8*a + 343 + 339 - 3*a**2 - 685. Calculate v(8).
-3
Suppose 2*c - 4*q = -0*q + 16, 8 = -4*q. Let i(g) = -g**3 + 3*g**2 + 5*g - 7. Calculate i(c).
-3
Let u(a) = -5*a**2 + 3*a - 4. Let j(h) = 11*h**2 - 7*h + 9. Let f(i) = -4*j(i) - 9*u(i). Give f(-4).
12
Let f = -8 - -3. Let j = f - -7. Let t(x) = 2*x - 39*x**2 + 38*x**j - 3*x + 1. Calculate t(-5).
-19
Let j(n) = n**2 + 2*n + 5 - 4*n - 6*n. Let v be j(7). Let z(p) = 71 - 36 + p**3 - 35 + p**2 + p. Give z(v).
-6
Let s(p) = p - 2646*p**2 - p**3 - 8 - 5*p - 5*p + 2638*p**2 - 4*p. Determine s(-6).
-2
Suppose -2 = -4*a - l + 9, 5*l - 1 = -2*a. Let f(m) = -m**2 + 4*m - 4. Determine f(a).
-1
Let q(l) = 12*l - 20. Let x(i) = 4*i - 7. Let c(a) = -4*q(a) + 11*x(a). Let g(t) = -t + 1. Let r(z) = -c(z) + 2*g(z). Determine r(-1).
-3
Let b(y) = -y**3 - y**2 - y. Let f be b(-2). Let m = -29 - -33. Let j(z) = 7 - 2 + 2*z - 8 - m. Calculate j(f).
5
Let m(b) be the second derivative of -b**4/12 + b**2/2 + 19*b. Calculate m(-3).
-8
Let o be (-1)/(20/30 + -1). Let h(i) = -3*i**2 + 2*i + 6. Give h(o).
-15
Let z(y) be the first derivative of y**5/120 + y**4/2 - 8*y**3/3 + 1. Let n(p) be the third derivative of z(p). Give n(-5).
7
Let b(k) be the third derivative of -1/24*k**4 - 29 + 2*k**2 + 0*k - 5/6*k**3. Let g = -5 + -2. Determine b(g).
2
Let z(q) = 287*q**3 - 7*q**2 + 4 - 288*q**3 - 5*q**2 + 6*q**2 + 6*q. Give z(-7).
11
Let s = -662 + 666. Let r(n) = -n**3 + 2*n**2 + 6*n - 6. What i